divided by 58.
57
Calculate the remainder when 23907 is divided by 230.
217
What is the remainder when 139433 is divided by 4354?
105
What is the remainder when 6176 is divided by 145?
86
Calculate the remainder when 24811 is divided by 228.
187
Calculate the remainder when 4634 is divided by 330.
14
What is the remainder when 43565 is divided by 10889?
9
What is the remainder when 1081 is divided by 769?
312
Calculate the remainder when 56393 is divided by 25.
18
What is the remainder when 15908 is divided by 30?
8
Calculate the remainder when 1009 is divided by 907.
102
What is the remainder when 31488 is divided by 2248?
16
Calculate the remainder when 2601 is divided by 443.
386
What is the remainder when 24503 is divided by 4898?
13
Calculate the remainder when 41712 is divided by 144.
96
What is the remainder when 3196 is divided by 124?
96
Calculate the remainder when 4392 is divided by 423.
162
Calculate the remainder when 41976 is divided by 41901.
75
Calculate the remainder when 57204 is divided by 190.
14
What is the remainder when 56873 is divided by 57?
44
What is the remainder when 3810 is divided by 1900?
10
What is the remainder when 8583 is divided by 1652?
323
What is the remainder when 420962 is divided by 110?
102
Calculate the remainder when 2279264 is divided by 915.
914
Calculate the remainder when 56142 is divided by 442.
8
Calculate the remainder when 3477 is divided by 229.
42
Calculate the remainder when 2787 is divided by 90.
87
What is the remainder when 1992 is divided by 14?
4
What is the remainder when 198748 is divided by 1250?
1248
Calculate the remainder when 20211 is divided by 31.
30
What is the remainder when 333478 is divided by 1249?
1244
What is the remainder when 3833 is divided by 188?
73
Calculate the remainder when 280116 is divided by 6366.
12
Calculate the remainder when 83237 is divided by 203.
7
What is the remainder when 12775 is divided by 200?
175
What is the remainder when 34167 is divided by 170?
167
What is the remainder when 10354 is divided by 178?
30
Calculate the remainder when 4022 is divided by 191.
11
What is the remainder when 97815 is divided by 73?
68
What is the remainder when 10021 is divided by 628?
601
Calculate the remainder when 3330 is divided by 203.
82
What is the remainder when 10643 is divided by 142?
135
What is the remainder when 3147 is divided by 53?
20
Calculate the remainder when 1963 is divided by 13.
0
Calculate the remainder when 781288 is divided by 24.
16
Calculate the remainder when 6333 is divided by 147.
12
What is the remainder when 12692 is divided by 26?
4
What is the remainder when 356441 is divided by 89108?
9
What is the remainder when 20071 is divided by 195?
181
What is the remainder when 12800 is divided by 1516?
672
What is the remainder when 4003 is divided by 3983?
20
What is the remainder when 2007887 is divided by 118?
117
Calculate the remainder when 7823862 is divided by 26.
20
What is the remainder when 216429 is divided by 4?
1
What is the remainder when 616915 is divided by 75?
40
Calculate the remainder when 8738 is divided by 20.
18
What is the remainder when 4947 is divided by 2364?
219
What is the remainder when 3715 is divided by 102?
43
What is the remainder when 5533 is divided by 2?
1
Calculate the remainder when 17678 is divided by 42.
38
Calculate the remainder when 110377 is divided by 42.
1
What is the remainder when 12210 is divided by 582?
570
Calculate the remainder when 377 is divided by 350.
27
Calculate the remainder when 235511 is divided by 101.
80
Calculate the remainder when 8080 is divided by 2020.
0
Calculate the remainder when 15559 is divided by 18.
7
What is the remainder when 62212 is divided by 2960?
52
Calculate the remainder when 4227 is divided by 156.
15
What is the remainder when 26478 is divided by 13?
10
What is the remainder when 248168 is divided by 564?
8
What is the remainder when 301 is divided by 31?
22
What is the remainder when 1091968 is divided by 22?
20
Calculate the remainder when 2113 is divided by 1596.
517
Calculate the remainder when 981 is divided by 539.
442
Calculate the remainder when 49759 is divided by 44.
39
Calculate the remainder when 17254 is divided by 68.
50
What is the remainder when 25554 is divided by 1695?
129
Calculate the remainder when 2089 is divided by 1038.
13
Calculate the remainder when 33529 is divided by 63.
13
Calculate the remainder when 12324 is divided by 54.
12
Calculate the remainder when 27288 is divided by 79.
33
Calculate the remainder when 14581 is divided by 293.
224
Calculate the remainder when 244173 is divided by 8.
5
Calculate the remainder when 2088 is divided by 87.
0
Calculate the remainder when 1507 is divided by 518.
471
Calculate the remainder when 2327 is divided by 2301.
26
Calculate the remainder when 1120 is divided by 284.
268
Calculate the remainder when 2938 is divided by 489.
4
Calculate the remainder when 2082 is divided by 113.
48
What is the remainder when 1120 is divided by 359?
43
Calculate the remainder when 1934528 is divided by 13.
11
What is the remainder when 2074 is divided by 345?
4
Calculate the remainder when 207380 is divided by 696.
668
What is the remainder when 20104 is divided by 2511?
16
What is the remainder when 4900 is divided by 4890?
10
What is the remainder when 4790 is divided by 7?
2
What is the remainder when 4286775 is divided by 511?
507
What is the remainder when 54498 is divided by 6808?
34
Calculate the remainder when 153934 is divided by 3848.
14
What is the remainder when 861853 is divided by 92?
89
What is the remainder when 22928 is divided by 126?
122
Calculate the remainder when 11345 is divided by 1258.
23
What is the remainder when 50105 is divided by 8349?
11
Calculate the remainder when 230343 is divided by 10.
3
Calculate the remainder when 37078 is divided by 8.
6
Calculate the remainder when 13122 is divided by 13112.
10
What is the remainder when 2788 is divided by 399?
394
Calculate the remainder when 10185 is divided by 476.
189
What is the remainder when 51679 is divided by 8?
7
What is the remainder when 168011 is divided by 3500?
11
Calculate the remainder when 2609 is divided by 2585.
24
Calculate the remainder when 696323 is divided by 865.
863
Calculate the remainder when 3751 is divided by 268.
267
What is the remainder when 1957 is divided by 50?
7
Calculate the remainder when 949 is divided by 878.
71
What is the remainder when 4979 is divided by 271?
101
Calculate the remainder when 4593 is divided by 1493.
114
What is the remainder when 66789 is divided by 12?
9
Calculate the remainder when 9124 is divided by 145.
134
Calculate the remainder when 509769 is divided by 276.
273
Calculate the remainder when 4534 is divided by 1455.
169
What is the remainder when 5191542 is divided by 85?
82
What is the remainder when 2873 is divided by 72?
65
What is the remainder when 438429 is divided by 24?
21
What is the remainder when 668 is divided by 314?
40
Calculate the remainder when 5585 is divided by 95.
75
Calculate the remainder when 159039 is divided by 909.
873
What is the remainder when 277019 is divided by 285?
284
Calculate the remainder when 123577 is divided by 11232.
25
Calculate the remainder when 2984 is divided by 160.
104
Calculate the remainder when 42969 is divided by 2386.
21
Calculate the remainder when 141214 is divided by 17.
12
What is the remainder when 409502 is divided by 64?
30
Calculate the remainder when 4489 is divided by 208.
121
What is the remainder when 3538 is divided by 5?
3
Calculate the remainder when 833 is divided by 2.
1
Calculate the remainder when 74565 is divided by 6212.
21
Calculate the remainder when 21536 is divided by 44.
20
Calculate the remainder when 124114 is divided by 119.
116
Calculate the remainder when 86647 is divided by 12361.
120
What is the remainder when 105190 is divided by 120?
70
Calculate the remainder when 87146 is divided by 17427.
11
What is the remainder when 17566 is divided by 5854?
4
What is the remainder when 57555 is divided by 7?
1
What is the remainder when 543 is divided by 102?
33
Calculate the remainder when 112027 is divided by 37342.
1
Calculate the remainder when 653550 is divided by 851.
833
C